# --------------------------------------------------------
# Host:                         127.0.0.1
# Server version:               5.5.23
# Server OS:                    Win32
# HeidiSQL version:             6.0.0.3603
# Date/time:                    2014-04-23 14:28:47
# --------------------------------------------------------


# Dumping database structure for dada_rebuild_2
CREATE DATABASE IF NOT EXISTS `dada_rebuild_2` /*!40100 DEFAULT CHARACTER SET utf8 */;
USE `dada_rebuild_2`;


# Dumping structure for table dada_rebuild_2.category
CREATE TABLE IF NOT EXISTS `category` (
  `id` tinyint(4) NOT NULL AUTO_INCREMENT,
  `name` varchar(45) DEFAULT NULL,
  PRIMARY KEY (`id`)
) ENGINE=InnoDB AUTO_INCREMENT=4 DEFAULT CHARSET=utf8;

# Dumping data for table dada_rebuild_2.category: ~3 rows (approximately)
INSERT INTO `category` (`id`, `name`) VALUES
	(1, 'Dada Premium'),
	(2, 'Dada Premium Extra Soft'),
	(3, 'test1243567 łść');


# Dumping structure for table dada_rebuild_2.content
CREATE TABLE IF NOT EXISTS `content` (
  `name` varchar(50) DEFAULT NULL,
  `value` text,
  `page_id` smallint(6) NOT NULL,
  PRIMARY KEY (`page_id`),
  CONSTRAINT `fk_content_page1` FOREIGN KEY (`page_id`) REFERENCES `page` (`id`) ON DELETE NO ACTION ON UPDATE NO ACTION
) ENGINE=InnoDB DEFAULT CHARSET=utf8;

# Dumping data for table dada_rebuild_2.content: ~1 rows (approximately)
INSERT INTO `content` (`name`, `value`, `page_id`) VALUES
	(NULL, NULL, 2);


# Dumping structure for table dada_rebuild_2.homepage
CREATE TABLE IF NOT EXISTS `homepage` (
  `id` tinyint(4) NOT NULL AUTO_INCREMENT,
  `big_box_image_desktop` varchar(255) DEFAULT NULL,
  `big_box_image_tablet` varchar(255) DEFAULT NULL,
  `big_box_image_mobile` varchar(255) DEFAULT NULL,
  `video_id` varchar(255) DEFAULT NULL COMMENT 'link do video - youtube',
  `small_box_ico` varchar(255) DEFAULT NULL COMMENT 'icona - maly box',
  `small_box_title` varchar(255) DEFAULT NULL COMMENT 'opis - maly box',
  `small_box_subtitle` varchar(255) DEFAULT NULL,
  `small_box_link` varchar(255) DEFAULT NULL COMMENT 'link w malym boxie ',
  `small_box_alt` varchar(45) DEFAULT NULL COMMENT 'tresc na odnosniku',
  PRIMARY KEY (`id`)
) ENGINE=InnoDB AUTO_INCREMENT=2 DEFAULT CHARSET=utf8;

# Dumping data for table dada_rebuild_2.homepage: ~1 rows (approximately)
INSERT INTO `homepage` (`id`, `big_box_image_desktop`, `big_box_image_tablet`, `big_box_image_mobile`, `video_id`, `small_box_ico`, `small_box_title`, `small_box_subtitle`, `small_box_link`, `small_box_alt`) VALUES
	(1, 'homepage-bigpromo_17d1a8f59fb61120c299fe8822c746e2.png', 'homepage-bigpromo-tablet_9b768ed550bb3df8c3c6d23ad7e33f3e.png', 'homepage-bigpromo-smartphone_9b768ed550bb3df8c3c6d23ad7e33f3e.png', 'Iowsn6DKcjQ', 'calendar_icon_5950c9755f7b7f9c9104339e05e792e8.png', 'Stwórz kalendarz', 'ze zdjęciem Twojego dziecka', '/stworz-kalendarz-dada', 'Zaprojektuj kalendarz');


# Dumping structure for table dada_rebuild_2.navigation
CREATE TABLE IF NOT EXISTS `navigation` (
  `id` int(11) NOT NULL AUTO_INCREMENT,
  `order` int(11) DEFAULT NULL,
  `url` varchar(255) NOT NULL DEFAULT '',
  `text` varchar(50) DEFAULT NULL,
  `is_novelty` int(11) DEFAULT '0',
  `is_active` int(11) DEFAULT '0',
  PRIMARY KEY (`id`,`url`),
  UNIQUE KEY `url_UNIQUE` (`url`)
) ENGINE=InnoDB AUTO_INCREMENT=7 DEFAULT CHARSET=utf8;

# Dumping data for table dada_rebuild_2.navigation: ~6 rows (approximately)
INSERT INTO `navigation` (`id`, `order`, `url`, `text`, `is_novelty`, `is_active`) VALUES
	(1, 2, '/budowa-pieluszek-dada', 'Budowa pieluszek Dada', 0, 1),
	(2, 1, '/premium-extra-soft', 'Premium Extra Soft', 1, 1),
	(3, 3, '/produkty-dada', 'Produkty Dada', 0, 1),
	(4, 4, '/stworz-kalendarz-dada', 'Stwórz kalendarz Dada', 0, 1),
	(5, 5, 'http://biedronka.pl/sklepy', 'Znajdź sklep', 0, 1),
	(6, 6, 'http://www.google.pl', 'Google', 0, 0);


# Dumping structure for table dada_rebuild_2.novelty
CREATE TABLE IF NOT EXISTS `novelty` (
  `id` smallint(6) NOT NULL AUTO_INCREMENT,
  `name` varchar(45) DEFAULT NULL,
  `layout_type` smallint(6) DEFAULT NULL,
  `mixed_content` text,
  `is_active` smallint(6) DEFAULT '0',
  `date` datetime DEFAULT NULL,
  PRIMARY KEY (`id`)
) ENGINE=InnoDB AUTO_INCREMENT=4 DEFAULT CHARSET=utf8;

# Dumping data for table dada_rebuild_2.novelty: ~2 rows (approximately)
INSERT INTO `novelty` (`id`, `name`, `layout_type`, `mixed_content`, `is_active`, `date`) VALUES
	(1, 'TEST123', 0, '{"text1":"test","text2":"test","textbig":"<p>test<\\/p>\\r\\n","image1":"penguins_cf923956f237c697ac542ef564544842.jpg"}', 1, NULL),
	(3, 'TEST', 0, '{"text1":"test","text2":"test","textbig":"<p>test1234<\\/p>\\r\\n","image1":"penguins_18fa2bded5850bc6a90d3cfb738020b6.jpg"}', 1, NULL);


# Dumping structure for table dada_rebuild_2.option
CREATE TABLE IF NOT EXISTS `option` (
  `id` tinyint(4) NOT NULL,
  `name` varchar(50) DEFAULT NULL,
  `ico` varchar(50) DEFAULT NULL,
  PRIMARY KEY (`id`),
  UNIQUE KEY `name_UNIQUE` (`name`)
) ENGINE=InnoDB DEFAULT CHARSET=utf8;

# Dumping data for table dada_rebuild_2.option: ~9 rows (approximately)
INSERT INTO `option` (`id`, `name`, `ico`) VALUES
	(1, 'Łatwe zakładanie', 'easy-on'),
	(2, 'Łatwe zdejmowanie', 'easy-out'),
	(3, 'Elastyczne boki', 'flex'),
	(4, 'Ekstrakt z aloesu', 'aloes'),
	(5, 'Przewiewne', 'air'),
	(6, 'Superchłonne', 'Superabsorbent'),
	(7, 'Na dzień i na noc', 'day-night'),
	(8, 'Inteligentne taśmy', 'smart-string'),
	(9, 'Super miekkie', 'extra-soft');


# Dumping structure for table dada_rebuild_2.page
CREATE TABLE IF NOT EXISTS `page` (
  `id` smallint(6) NOT NULL AUTO_INCREMENT,
  `name` varchar(50) NOT NULL,
  `url` varchar(50) DEFAULT NULL,
  `is_active` tinyint(4) DEFAULT NULL COMMENT 'flaga oznaczajaca czy dany element ma byc widoczny w menu',
  PRIMARY KEY (`id`),
  UNIQUE KEY `name_UNIQUE` (`name`),
  UNIQUE KEY `url_UNIQUE` (`url`)
) ENGINE=InnoDB AUTO_INCREMENT=3 DEFAULT CHARSET=utf8;

# Dumping data for table dada_rebuild_2.page: ~2 rows (approximately)
INSERT INTO `page` (`id`, `name`, `url`, `is_active`) VALUES
	(1, 'homepage', '/', 1),
	(2, 'globals', '', NULL);


# Dumping structure for table dada_rebuild_2.product
CREATE TABLE IF NOT EXISTS `product` (
  `id` tinyint(4) NOT NULL AUTO_INCREMENT,
  `name` varchar(50) DEFAULT NULL,
  `label` varchar(50) DEFAULT NULL,
  `package` varchar(50) DEFAULT NULL,
  `link` varchar(50) DEFAULT NULL,
  `description` text,
  `poster` varchar(255) DEFAULT NULL,
  `hash` varchar(255) DEFAULT NULL,
  `category_id` tinyint(4) NOT NULL,
  `date_added` datetime DEFAULT NULL,
  `is_active` tinyint(4) DEFAULT '0',
  PRIMARY KEY (`id`,`category_id`),
  KEY `fk_product_product_category_idx` (`category_id`),
  CONSTRAINT `fk_product_product_category` FOREIGN KEY (`category_id`) REFERENCES `category` (`id`) ON DELETE CASCADE ON UPDATE CASCADE
) ENGINE=InnoDB AUTO_INCREMENT=11 DEFAULT CHARSET=utf8;

# Dumping data for table dada_rebuild_2.product: ~10 rows (approximately)
INSERT INTO `product` (`id`, `name`, `label`, `package`, `link`, `description`, `poster`, `hash`, `category_id`, `date_added`, `is_active`) VALUES
	(1, 'Newborn', 'Dada Premium', '28 sztuk /  2 - 5 kg', NULL, '<p>Pieluszki stworzone z myślą o niemowlętach o wadze 2-5kg, które można stosować od momentu narodzin. Posiadają wysokiej jakości włókninę, rozprowadzającą wilgoć po całej powierzchni wkładu chłonnego, zapewniając większą chłonność. Specjalnie tłoczona wewnętrzna włóknina łatwo absorbuje kupkę, co w połączeniu ze specjalnym zapięciem, dzięki któremu pieluszka dopasowuje się do brzuszka dziecka sprawia, że maluszek będzie spał spokojnie i słodko zarówno w dzień i w nocy. Pieluszki Newborn posiadają pozytywną opinię Instytutu Matki i Dziecka.</p>', 'zdje.png', 'icona.png', 1, NULL, 1),
	(2, 'Mini', 'Dada Premium', '78 sztuk / 3 - 6 kg', 'mini', '<p>Pieluszki przeznaczone dla dzieci o wadze 3-6 kg, zostały wzbogacone o ekstra miękką powłoczkę zewnętrzną i taśmę frontalną, aby zapewnić dziecku jeszcze większy komfort użytkowania. Pieluszki posiadają wysokiej jakości włókninę rozprowadzającą równomiernie wilgoć po całej powierzchni wkładu chłonnego, zapewniając większą chłonność. Dodatkowo posiadają specjalne zapięcia, dzięki którym spokojny sen zarówno w dzień, jak i w nocy. Kolorowe rysunki umieszczone na pieluszce pobudzają ciekawość, wyobraźnię i kreatywność dziecka. Pieluszki Mini posiadają pozytywną opinię Instytutu Matki i Dziecka.</p>', 'zdjecie-2-1.png', 'icon.png', 2, NULL, 0),
	(3, 'Midi', 'Dada Premium', '64 sztuki / 4 - 9 kg', 'midi', '<p>Pieluszki przeznaczone dla dzieci o wadze 4-9 kg, zostały wzbogacone o ekstra miękką powłoczkę zewnętrzną i taśmę frontalną, aby zapewnić dziecku jeszcze większy komfort użytkowania. Są to pieluszki w których zastosowana została technologia Super Core, która sprawia, że pieluszka jest lżejsza i wyjątkowo chłonna. Dzięki specjalnie zaprojektowanym materiałom absorbcyjnym i dodatkowym owinięciu wkładu chłonnego skóra dziecka jest utrzymana z dala od wilgoci. Pieluszki wykonane są z przewiewnych, miękkich materiałów z dodatkiem naturalnego ekstraktu z aloesu. Kolorowe rysunki umieszczone na pieluszce pobudzają ciekawość, wyobraźnię i kreatywność dziecka. Pieluszki Midi posiadają pozytywną opinię Instytutu Matki i Dziecka.</p>', 'zdj-13836.png', 'dfg-1383699215.png', 2, NULL, 0),
	(4, 'Maxi', 'Dada Premium', '54 sztuki / 7 - 18 kg', 'maxi', '<p>Pieluszki przeznaczone dla dzieci o wadze 7-18 kg, zostały wzbogacone o ekstra miękką powłoczkę zewnętrzną i taśmę frontalną, aby zapewnić dziecku jeszcze większy komfort użytkowania. Są to pieluszki, w których zastosowana została technologia Super Core, która sprawia, że pieluszka jest lżejsza i wyjątkowo chłonna. Dzięki specjalnie zaprojektowanym materiałom absorbcyjnym i dodatkowym owinięciu wkładu chłonnego skóra dziecka jest utrzymana z dala od wilgoci. Pieluszki wykonane są z przewiewnych, miękkich materiałów z dodatkiem naturalnego ekstraktu z aloesu. Kolorowe rysunki umieszczone na pieluszce pobudzają ciekawość, wyobraźnię i kreatywność dziecka. Pieluszki Maxi posiadają pozytywną opinię Instytutu Matki i Dziecka.</p>', 'max-.png', 'max1-1383699182.png', 2, NULL, 0),
	(5, 'Junior', 'Dada Premium', '46 sztuk / 12 - 25 kg', 'junior', '<p>Pieluszki przeznaczone dla dzieci o wadze 15-25 kg, zostały wzbogacone o ekstra miękką powłoczkę zewnętrzną i taśmę frontalną, aby zapewnić dziecku jeszcze większy komfort użytkowania. Są to pieluszki, w których zastosowana została technologia Super Core, która sprawia, że pieluszka jest lżejsza i wyjątkowo chłonna. Dzięki specjalnie zaprojektowanym materiałom absorbcyjnym i dodatkowym owinięciu wkładu chłonnego skóra dziecka jest utrzymana z dala od wilgoci. Pieluszki wykonane są z przewiewnych, miękkich materiałów z dodatkiem naturalnego ekstraktu z aloesu. Kolorowe rysunki umieszczone na pieluszce pobudzają ciekawość, wyobraźnię i kreatywność dziecka. Pieluszki Junior posiadają pozytywną opinię Instytutu Matki i Dziecka.</p>', 'jun-13.png', 'jun1-1383699146.png', 2, NULL, 0),
	(6, 'Chusteczki', 'Dada', '72 sztuki', NULL, '<p>Delikatna, narażona na odparzenia skóra niemowląt wymaga szczególnej troski. Codzienne zabiegi pielęgnacyjne ułatwią wyjątkowo miękkie chusteczki DADA. Nasączono je specjalnie opracowaną emulsją o właściwościach nawilżających i łagodzących. Delikatnie oczyszczają skórę Twojego dziecka pomagając zapewnić jej ochronę i naturalną równowagę.</p>', 'chu-1383.png', 'iccc-1383699059.png', 1, NULL, 0),
	(7, 'Pantsy', 'Pantsy Dada', 'Junior 20szt., Maxi 22 szt.', NULL, '<p>Pieluszko - majteczki zostały stworzone z myślą o maluszkach stawiających pierwsze kroki. Posiadają wszystkie zalety standardowej pieluszki, ale dzięki kształtowi majteczek są idealne podczas treningu nocniczkowego. Ich elastyczne boczki dopasowują się do ruchów dziecka oraz ułatwiają zakładanie i zdejmowanie majteczek Dada.</p>', 'dff-1383697564.png', 'gnh-1383699298.png', 1, NULL, 0),
	(8, 'TEST1234', 'test', '443243gvgfd', '#test1', '<p>testet testettestettestettestettestet v&nbsp; testettestet testet</p>\r\n', 'detail_zdjecie-2-1_a80052724d6004df6e751641c6223401.png', 'detail_zdjecie-2-1_a80052724d6004df6e751641c6223401.png', 3, NULL, 0),
	(9, 'TEST', 'test', 'test', '#test', '<p>test tetes afa dfsa dsa ads</p>\r\n', 'detail_zdjecie-2-1_aab195a464c8f0e6e723756cf97bc727.png', 'detail_zdjecie-2-1_aab195a464c8f0e6e723756cf97bc727.png', 1, NULL, 0),
	(10, 'fsafafasafs', 'ffsafsafsa', 'fsafsafsa', 'fsafsafsa', '<p>fsfsafsafsafsafsafsa</p>\r\n', 'detail_zdjecie-2-1_84c82f19d7134f2323e38965d6533797.png', 'detail_zdjecie-2-1_43ccb1e6ae8d446fa4afad010db84289 - Kopia.png', 3, NULL, 0);


# Dumping structure for table dada_rebuild_2.product_option
CREATE TABLE IF NOT EXISTS `product_option` (
  `product_id` tinyint(4) NOT NULL,
  `option_id` tinyint(4) NOT NULL,
  PRIMARY KEY (`product_id`,`option_id`),
  KEY `fk_product_has_product_option_product_option1_idx` (`option_id`),
  KEY `fk_product_has_product_option_product1_idx` (`product_id`),
  CONSTRAINT `fk_product_has_product_option_product1` FOREIGN KEY (`product_id`) REFERENCES `product` (`id`) ON DELETE CASCADE ON UPDATE CASCADE,
  CONSTRAINT `fk_product_has_product_option_product_option1` FOREIGN KEY (`option_id`) REFERENCES `option` (`id`) ON DELETE CASCADE ON UPDATE CASCADE
) ENGINE=InnoDB DEFAULT CHARSET=utf8;

# Dumping data for table dada_rebuild_2.product_option: ~33 rows (approximately)
INSERT INTO `product_option` (`product_id`, `option_id`) VALUES
	(7, 1),
	(8, 1),
	(9, 1),
	(10, 1),
	(7, 2),
	(8, 2),
	(9, 2),
	(10, 2),
	(7, 3),
	(8, 3),
	(9, 3),
	(10, 3),
	(3, 4),
	(4, 4),
	(5, 4),
	(9, 4),
	(1, 5),
	(2, 5),
	(3, 5),
	(4, 5),
	(5, 5),
	(1, 6),
	(2, 6),
	(3, 6),
	(4, 6),
	(5, 6),
	(2, 7),
	(3, 7),
	(4, 7),
	(5, 7),
	(1, 8),
	(2, 8),
	(1, 9);


# Dumping structure for table dada_rebuild_2.router_static
CREATE TABLE IF NOT EXISTS `router_static` (
  `url` varchar(50) NOT NULL,
  `module` varchar(50) DEFAULT NULL,
  `controller` varchar(50) DEFAULT NULL,
  `action` varchar(50) DEFAULT NULL,
  PRIMARY KEY (`url`),
  UNIQUE KEY `url_UNIQUE` (`url`)
) ENGINE=InnoDB DEFAULT CHARSET=utf8;

# Dumping data for table dada_rebuild_2.router_static: ~4 rows (approximately)
INSERT INTO `router_static` (`url`, `module`, `controller`, `action`) VALUES
	('budowa-pieluszek-dada', 'front', 'product', 'construction'),
	('premium-extra-soft', 'front', 'product', 'premium-extra-soft'),
	('produkty-dada', 'front', 'product', 'review'),
	('stworz-kalendarz-dada', 'front', 'calendar', 'index');


# Dumping structure for table dada_rebuild_2.session
CREATE TABLE IF NOT EXISTS `session` (
  `id` char(32) NOT NULL,
  `modified` int(11) DEFAULT NULL,
  `lifetime` int(11) DEFAULT NULL,
  `data` text,
  PRIMARY KEY (`id`)
) ENGINE=InnoDB DEFAULT CHARSET=utf8;

# Dumping data for table dada_rebuild_2.session: ~3 rows (approximately)
INSERT INTO `session` (`id`, `modified`, `lifetime`, `data`) VALUES
	('cp8hn63ln3atdt15u7ehm372b6', 1398176268, 1440, ''),
	('m92q54i1nvjac7g1hbnk2lohk0', 1397724930, 1440, 'Zend_Auth|a:1:{s:7:"storage";O:8:"stdClass":3:{s:2:"id";s:1:"1";s:5:"login";s:5:"admin";s:8:"password";s:128:"8f823a9a6daa028403dde635f74f0ffe9dad709eb64b60aef1318e54f44c4a2cc2e3f731a5be4a5778ba5fbecf03d5527e49f9f49877d0f486ea8b0e3e10c3d7";}}login|a:1:{s:8:"rerouted";N;}'),
	('mvm2tn420b5u9m2l1dc67pmuj0', 1398251830, 1440, 'Zend_Auth|a:1:{s:7:"storage";O:8:"stdClass":3:{s:2:"id";s:1:"1";s:5:"login";s:5:"admin";s:8:"password";s:128:"8f823a9a6daa028403dde635f74f0ffe9dad709eb64b60aef1318e54f44c4a2cc2e3f731a5be4a5778ba5fbecf03d5527e49f9f49877d0f486ea8b0e3e10c3d7";}}login|a:1:{s:8:"rerouted";N;}');


# Dumping structure for table dada_rebuild_2.user
CREATE TABLE IF NOT EXISTS `user` (
  `id` tinyint(4) NOT NULL,
  `login` varchar(45) NOT NULL,
  `password` text NOT NULL,
  PRIMARY KEY (`id`,`login`),
  UNIQUE KEY `login_UNIQUE` (`login`)
) ENGINE=InnoDB DEFAULT CHARSET=utf8;

# Dumping data for table dada_rebuild_2.user: ~1 rows (approximately)
INSERT INTO `user` (`id`, `login`, `password`) VALUES
	(1, 'admin', '8f823a9a6daa028403dde635f74f0ffe9dad709eb64b60aef1318e54f44c4a2cc2e3f731a5be4a5778ba5fbecf03d5527e49f9f49877d0f486ea8b0e3e10c3d7');
